5*y. Calculate the remainder when 50 is divided by q.
2
Let v = 5 - 5. Let n = 249 + -138. Suppose v = -4*t + n + 41. What is the remainder when t is divided by 10?
8
Let t be (2 + -1)*6/(-3). Suppose 6*z - 1216 + 1078 = 0. What is the remainder when (-12)/8 + (-133)/t is divided by z?
19
Let g be (8*-1)/(11/(-22)). What is the remainder when 33 is divided by 20/g + (-93)/(-12)?
6
Suppose -5*m - 4*u + 147 = 0, -3*u = -4*m - u + 128. What is the remainder when 121 is divided by m?
28
Suppose -497 = -9*u - 137. Calculate the remainder when 437 is divided by u.
37
Let z be 18/(-63) - (-572)/(-7). Let m = 125 + z. What is the remainder when m is divided by 23?
20
Let d(v) = v**3 + 7*v**2 + 4*v + 10. Let j(p) = p**3 + 8*p**2 - 6*p - 6. Calculate the remainder when j(-7) is divided by d(-6).
19
Let n be 2/(-8) + 21678/24. Suppose -10*y - 283 = -n. What is the remainder when y is divided by 8?
6
Suppose -3*m = -0*m - 219. Calculate the remainder when m is divided by (-2)/9 + (9 - 190/(-45)).
8
Calculate the remainder when 762 is divided by 8/((-8)/(-17)) - 8.
6
Let p(l) = -2*l + 6. Let t(y) = -y - 1. Let z(u) = 2*p(u) + 4*t(u). Calculate the remainder when z(-5) is divided by 17.
14
Let o(k) = -k**2 - 4*k - 26. Let f(y) = 2*y**2 + 4*y + 27. Let z(n) = 2*f(n) + 3*o(n). What is the remainder when 76 is divided by z(9)?
13
Let w(v) be the third derivative of v**5/60 + v**4/6 - 4*v**3/3 - 2*v**2. Suppose -k + 30 = -62. Calculate the remainder when k is divided by w(4).
20
Let d = -1085 - -1204. Calculate the remainder when d is divided by 26.
15
Let o(d) = -d - 3. Let c be o(-11). Let n be 34/c + 4/(-16). Suppose n*l + 4 = 0, 17 = 2*u + 2*l + 3*l. Calculate the remainder when u is divided by 7.
4
Let p = 116 - 56. Suppose 4*w - 13 = 19. What is the remainder when w is divided by (-1 - -4)*-4*(-25)/p?
3
Suppose 229 - 759 = -5*j + 2*h, 0 = 4*j + 5*h - 391. What is the remainder when j is divided by 36?
32
Let u(a) = 25*a**3 - a**2 + 14*a - 9. Calculate the remainder when u(3) is divided by 50.
49
Let b = 121 + -106. Suppose 2*a - 8 = 0, a = -3*v - a + 269. Calculate the remainder when v is divided by b.
12
Suppose -5*o + 2*x - 4*x = 43, 29 = -3*o - 2*x. Let m = 2 + o. Let y = 12 + m. What is the remainder when 11 is divided by y?
4
What is the remainder when (-40)/(-16)*(-15170)/(-25) is divided by 66?
65
Calculate the remainder when 2207 is divided by (-27 + 73)*(-2 + (-21)/(-6)).
68
Let r(n) = -2*n + 1. Suppose -4*h = -2*s + h + 17, -h - 17 = 3*s. Let l be s + -3 + (-6)/(-1). What is the remainder when 9 is divided by r(l)?
0
Let k(g) = 2*g**2 - g - 194. What is the remainder when 60 is divided by k(-10)?
12
Suppose -23*u + 222 = -20*u. Let k = -37 + u. Calculate the remainder when 73 is divided by k.
36
Let d = 139 - 89. Let q = d - 47. Calculate the remainder when 10 is divided by q.
1
Let g(b) = -41*b + 86. What is the remainder when 270 is divided by g(2)?
2
Let p = -22 + 29. Suppose 199 = p*m - 109. Calculate the remainder when m is divided by 10.
4
Suppose 133 = 4*s - 4*q - 19, 4*s - 167 = -q. What is the remainder when s is divided by 23?
18
Let n = -69 - -71. Let y(i) = 12*i**3 - i**2 - 4*i + 3. Calculate the remainder when y(n) is divided by 30.
27
Let v be 0/(-2) + (5 - 3). Suppose -2*x = -3*a + v*x - 2, -5*a + 5 = -5*x. Let n = -59 - -87. What is the remainder when n is divided by a?
4
Let u(y) = y**3 - 4*y**2 - 5*y + 2. Let b be u(5). Suppose b*o - 36 = 22. Let m = -5 + 13. What is the remainder when o is divided by m?
5
Let p = -29 - -33. Suppose p*s = -0*y + y - 46, 0 = -3*s - 12. What is the remainder when y is divided by 9?
3
Let o be (-4 + 3 + 2)*3. Suppose -16 = o*v - 7. Let j = 27 + v. What is the remainder when j is divided by 9?
6
Let b(y) = -2*y + 42. Let j be b(0). Suppose j = q + q. Calculate the remainder when 79 is divided by q.
16
Let w(b) = 1 + 26*b - 5 - 9*b. Suppose 0 = 6*g - 2*g - 24. What is the remainder when w(g) is divided by 33?
32
Suppose 57 = q + 2*y, q - 4*y = -y + 47. Let z = 11 + q. Let w(v) = 12*v + 25. What is the remainder when z is divided by w(-1)?
12
Suppose 2*a - 83 = -g, 0*g = -g - 3*a + 83. Suppose g = 3*z + 2*m - 85, -275 = -5*z - 5*m. What is the remainder when z is divided by 20?
18
Let i = 53 + -45. Let d = 10 + i. Calculate the remainder when 71 is divided by d.
17
Let o(p) = -p**3 + 3*p**2 + p + 3. Let g be o(3). Let d(f) = -25 + 2*f - 31 + 48. Calculate the remainder when 7 is divided by d(g).
3
Let k be -3 - (-7 - 6/(-3)). Let j(y) = -3 - 10*y**2 + y**3 + y**k - y**2 - 10*y. Calculate the remainder when 23 is divided by j(11).
7
Let o(b) = 3*b**2 + 9*b + 3. Let h be o(-8). Calculate the remainder when h - (3 - 9 - -4) is divided by 32.
29
Let k = -3 - 9. Let y be 15*(k/10)/(-3). Let l(u) = -u**3 + 7*u**2 - 2*u - 1. What is the remainder when l(y) is divided by 8?
7
Let s = 68 + 12. What is the remainder when s is divided by 28?
24
Let v(m) = 7*m - 83. Calculate the remainder when 28 is divided by v(13).
4
Let o = -1589 - -1654. Calculate the remainder when o is divided by 18.
11
Let q(b) = b**3 + 15*b**2 - 2*b - 17. Calculate the remainder when 311 is divided by q(-15).
12
Let h(m) = 5*m**3 - 54*m**2 - 11*m + 17. What is the remainder when 1767 is divided by h(11)?
16
Suppose 0*t + 4*t + o = 231, 2*o - 167 = -3*t. What is the remainder when t is divided by 4 - 2/1 - -18?
19
Suppose 0 = -3*l + 2*l - 48. Let s be l/(-84) + 227/7. Calculate the remainder when 21 is divided by s/22*(3 - -1).
3
Suppose 3*y + 4*x - 40 = 0, -4*x = -5*y + 5 + 115. Suppose -2*g = -b + 69, 2*b = -3*g + 115 - 12. What is the remainder when b is divided by y?
19
Let u = -10 + 13. Let f(i) = -1 + 0 - u*i - 2*i**2 + 4 + 7*i**2. Calculate the remainder when 49 is divided by f(2).
15
Calculate the remainder when (23 + -24)/(1/(-79)) is divided by 4.
3
Let p(s) = -2*s + 3. Let v(h) = -6*h + 9. Let o(a) = 8*p(a) - 3*v(a). Let w be o(5). Suppose -5*y - 154 = -w*y. Calculate the remainder when y is divided by 40.
37
Let r = -85 - -140. What is the remainder when r is divided by 24?
7
Let z(m) = -m**2 + 26*m. What is the remainder when z(11) is divided by 4?
1
Let m(c) = 2*c**2 - 3*c - 6. Let t be m(-5). Let o = t + -29. Calculate the remainder when 22 is divided by (6/(-10))/((-3)/o).
4
Let v(i) = -i**3 - 6*i**2 + 3*i - 4. Let k be v(-8). Suppose 5*t - k = 95. Let p = 64 - t. Calculate the remainder when 48 is divided by p.
23
Suppose -5*i + 20 = 2*j, -2*i = 2*i - 4*j - 16. Suppose -x + 8 = -i*g - 6, x = -3*g. Calculate the remainder when 29 is divided by x.
5
Let y(s) = 5*s**2 - 32 + 7 + s**3 - 3*s + 13*s**2 + s. What is the remainder when 15 is divided by y(-18)?
4
Suppose 3*m + 22 = -3*v - 5, 4*v - 3*m = -71. Let i(g) = -g**2 - 16*g - 16. Calculate the remainder when 32 is divided by i(v).
8
Let v = 231 + -145. Let l = -73 + v. What is the remainder when l is divided by (-27)/(-4) - (-1)/4?
6
Let p = -245 + 247. Calculate the remainder when 26 is divided by p.
0
Let t = 44 - 96. Let h = -26 - t. Calculate the remainder when 76 is divided by h.
24
What is the remainder when 65 is divided by (-2)/20*2 - 71/(-5)?
9
Suppose -102 + 186 = 4*u. What is the remainder when 373/3 + (-14)/(-21) is divided by u?
20
Suppose -3*n + 10 = -2, 0 = 2*u - 2*n - 4. Let j(l) = l**2 - 2*l + 5. Calculate the remainder when j(u) is divided by 2/(-7) - 114/(-7).
13
Let h(t) be the first derivative of t**3/3 - t**2 - 9*t + 10. What is the remainder when 48 is divided by h(7)?
22
Let y = 5 + 0. Suppose -4*u - 5*h = -1 - 4, -y*h - 35 = -4*u. What is the remainder when 31 is divided by (-3)/u - 580/(-50)?
9
Let h = 14 - 8. Let x = h + -2. Let y = 29 + -20. What is the remainder when y is divided by x?
1
Let n = -64 + 64. Suppose n = 4*d - 37 - 67. Calculate the remainder when d is divided by 3.
2
Let c(f) = 11*f - 1 + 13*f**2 - 8*f**2 + f**3 + 4*f**2. What is the remainder when 78 is divided by c(-7)?
18
Let f = 155 - 271. Let k = -87 - f. Calculate the remainder when k is divided by 15.
14
Let o be 5/(-20) + 2 + 206/(-8). Let m = o - -53. What is the remainder when m is divided by 8?
5
Let y = -875 + 2044. Suppose 5*j + 1468 = -4*u, 4*j - u = -6*u - y. Calculate the remainder when ((-2)/8)/(2/j) is divided by 20.
17
Let w be 2/(-7) + 60/14. Suppose -d -